{"id":189,"date":"2020-03-25T20:13:39","date_gmt":"2020-03-25T20:13:39","guid":{"rendered":"https:\/\/mtvgoslar-swim.de\/wordpress\/?page_id=189"},"modified":"2024-01-31T15:30:33","modified_gmt":"2024-01-31T14:30:33","slug":"schwimmkurs-kinder","status":"publish","type":"page","link":"https:\/\/alt.mtvgoslar-swim.de\/index.php\/schwimmkurs-kinder\/","title":{"rendered":"Schwimmkurse Kinder"},"content":{"rendered":"<p><!--StartFragment --><\/p>\n<p><strong>Die Schwimmausbildung gliedert sich in 3 Stufen:<\/strong><\/p>\n<ul>\n<li><a href=\"#Stufe1\"><span style=\"font-size: 12pt;\">Stufe 1: Wassergew\u00f6hnung<\/span><\/a><\/li>\n<li><a href=\"#Stufe2\"><span style=\"font-size: 12pt;\">Stufe 2: Schwimmkurs mit Ziel Abzeichen \u201eSeepferdchen\u201c<\/span><\/a><\/li>\n<li><a href=\"#Stufe3\"><span style=\"font-size: 12pt;\">Stufe 3: Aufbautraining mit Ziel Abzeichen Bronze (Freischwimmer)<\/span><\/a><\/li>\n<\/ul>\n<p style=\"text-align: center;\"><strong>***&nbsp; &nbsp;***&nbsp; &nbsp;***&nbsp; &nbsp;***&nbsp; &nbsp;***<\/strong><\/p>\n<p><strong><a id=\"Stufe1\"><\/a>Stufe 1: Wassergew\u00f6hnung<\/strong><\/p>\n<p><span style=\"font-size: 12pt;\">Je nach Leistungsstand des Kindes bieten wir neben den Wassergew\u00f6hnungskursen <a href=\"https:\/\/alt.mtvgoslar-swim.de\/index.php\/aquakids\/\">AquaKids<\/a> und <a href=\"https:\/\/alt.mtvgoslar-swim.de\/index.php\/aquabambinis\/\">AquaBambinis<\/a> (w\u00f6chentlich buchbar) auch kompakte Wassergew\u00f6hnungskurse (8 \u00dcbungseinheiten in Folge) f\u00fcr Kinder im Kindergarten- und Vorschulalter an. Diese Kurse sollen den Kindern das Element Wasser n\u00e4her bringen. Gerade durch die hohen Nichtschwimmerraten in den Grundschulen und auch in weiterf\u00fchrenden Schulen heutzutage (bis zu 50%) halten wir diese Ma\u00dfnahme, ebenso wie der Landesschwimmverband Niedersachsen, f\u00fcr besonders wichtig, da ein Kind, das sich sicher und ruhig im Wasser bewegen kann, sp\u00e4ter einen leichteren Einstieg in die Schwimmausbildung haben wird. Unsere zertifizierten \u00dcbungsleiter werden die Kinder an das Medium Wasser gew\u00f6hnen. Es handelt sich bei dem Kurs um eine fr\u00fchzeitige Wassergew\u00f6hnung mit Reflexen \u00fcberwinden, Schweben, Tauchen, Springen, Gleiten, Interagieren im Wasser und Spielen.<\/span><\/p>\n<p><span style=\"font-size: 12pt;\">F\u00fcr die Teilnahme ist die Gesundheitstauglichkeit zum Schwimmen und Tauchen erforderlich. Bitte fragen Sie ggf. vor Anmeldung Ihren Hausarzt.<\/span><\/p>\n<p><span style=\"font-size: 12pt;\"><strong>Durchf\u00fchrung:<\/strong>&nbsp; Samstags (fortlaufend), 8 \u00dcbungseinheiten je 45 Minuten<\/span><\/p>\n<p><span style=\"font-size: 12pt;\">Die Kursgeb\u00fchren betragen f\u00fcr <strong>8 \u00dcbungseinheiten (inklusive Eintritt) 65 \u20ac.<\/strong> Die Kursgeb\u00fchr ist sp\u00e4testens drei Tage vor best\u00e4tigten Kursantritt an der Aquantic-Kasse zu erwerben, da sonst die Teilnahmeberechtigung entf\u00e4llt.<\/span><\/p>\n<p><strong><span style=\"font-size: 12pt;\">F\u00fcr die kompakten Wassergew\u00f6hnungskurse k\u00f6nnen Sie sich hier vormerken lassen. Wir kontaktieren Sie, sobald Ihre Vormerkung ber\u00fccksichtigt wurde mit den entsprechenden Terminen \u00fcber die von Ihnen angegebene Mailadresse.<\/span><\/strong><\/p>\n<p>[spoiler title=&#8220;Vormerkung Wassergew\u00f6hnungskurs, bitte hier klicken &#8230;&#8220;]<\/p>\n<p>[Form id=&#8220;28&#8243;]<\/p>\n<p>[\/spoiler]<\/p>\n<p style=\"text-align: center;\"><strong>***&nbsp; &nbsp;***&nbsp; &nbsp;***&nbsp; &nbsp;***&nbsp; &nbsp;***<\/strong><\/p>\n<p><strong><a id=\"Stufe2\"><\/a>Stufe 2: Schwimmkurs (f\u00fcr Kinder ab Grundschulalter)<\/strong><\/p>\n<p><span style=\"font-size: 12pt;\">F\u00fcr die Teilnahme an unseren Schwimmkursen ist es hilfreich, wenn das Kind schon etwas wassergew\u00f6hnt ist. Es handelt sich um einen spielerischen Schwimmunterricht mit dem Einsatz diverser Spielutensilien, bei dem Gleit-, Tauch- und Atem\u00fcbungen durchgef\u00fchrt werden. Dazu geh\u00f6rt auch Springen, Tauchen und als erster Schwimmstil das Brustschwimmen. Je nach Leistungsf\u00e4higkeit des Kindes besteht am Ende des Kurses die M\u00f6glichkeit, die Seepferdchenpr\u00fcfung abzulegen (d.h. Sprung vom Beckenrand und 25 m selbstst\u00e4ndig Schwimmen, sowie das Heraufholen eines Gegenstandes im h\u00fcfttiefen Wasser). Unser Schwimmunterricht wird nach neuesten Erkenntnissen von erfahrenen ausgebildeten Schwimmlehrer\/innen) durchgef\u00fchrt.<\/span><\/p>\n<p><span style=\"font-size: 12pt;\"><strong>Durchf\u00fchrung:<\/strong>&nbsp; 2 bis 4 mal w\u00f6chentlich, 12 \u00dcbungseinheiten je 45 Minuten (In Oster- und Herbstferien t\u00e4glich)<\/span><\/p>\n<p><span style=\"font-size: 12pt;\">Die Kursgeb\u00fchren betragen f\u00fcr <strong>12 \u00dcbungseinheiten (inklusive Eintritt) 70 \u20ac. <\/strong>Die Kursgeb\u00fchr ist sp\u00e4testens drei Tage vor best\u00e4tigten Kursantritt an der Aquantic-Kasse zu erwerben, da sonst die Teilnahmeberechtigung entf\u00e4llt.<\/span><\/p>\n<p><span style=\"font-size: 12pt;\"><strong>F\u00fcr die Schwimmkurse k\u00f6nnen Sie sich hier vormerken lassen. Wir kontaktieren Sie, sobald Ihre Vormerkung ber\u00fccksichtigt wurde mit den entsprechenden Terminen \u00fcber die von Ihnen angegebene Mailadresse.<\/strong>.<\/span><\/p>\n<p>[spoiler title=&#8220;Vormerkung Schwimmkurs, bitte hier klicken &#8230;&#8220;]<\/p>\n<p>[Form id=&#8220;26&#8243;]<\/p>\n<p>[\/spoiler]<\/p>\n<p style=\"text-align: center;\"><strong>***&nbsp; &nbsp;***&nbsp; &nbsp;***&nbsp; &nbsp;***&nbsp; &nbsp;***<\/strong><\/p>\n<p><strong><a id=\"Stufe3\"><\/a>Stufe 3: Aufbautraining mit Ziel Abzeichen Bronze (Freischwimmer)<\/strong><\/p>\n<p><span style=\"font-size: 12pt;\">Wem das Seepferdchen noch nicht genug ist, oder wer es vielleicht im Schwimmkursus noch nicht erreicht hat, kann dies im Aufbautraining nachholen. Zweimal w\u00f6chentlich bieten wir die M\u00f6glichkeit, die im Schwimmkurs erlernten F\u00e4higkeiten zu festigen \/ auszubauen. Voraussetzung f\u00fcr das Aufbautraining ist entweder die vorherige Teilnahme am Schwimmkurs oder ein &nbsp;entsprechender Leistungsstand (Beherrschung des Brustschwimmstiles im Schwimmerbecken). Hier wird dann f\u00fcr das Bronzeabzeichen (fr\u00fcher: Freischwimmer) trainiert, das die Teilnehmer dort ablegen k\u00f6nnen. Unser Schwimmunterricht wird nach neuesten Erkenntnissen von erfahrenen Schwimmlehrer\/innen durchgef\u00fchrt.<\/span><\/p>\n<p><span style=\"font-size: 12pt;\"><strong>Zeiten:<\/strong> Donnerstag, 16:30 Uhr und Samstag, 17.00 Uhr im Aquantic Goslar<\/span><\/p>\n<p><span style=\"font-size: 12pt;\">Eine Teilnahme an der <strong>Halbschwimmergruppe<\/strong> kostet pro \u00dcbungsabend (30 Minuten + 15 Minuten planschen) <strong>6,50 \u20ac <\/strong>(F\u00fcr Mitglieder unserer Abteilung kostenlos). Hier ist eine vorherige Anmeldung nicht n\u00f6tig und eine <strong>kostenlose Schnupperstunde<\/strong> m\u00f6glich.<\/span><\/p>\n","protected":false},"excerpt":{"rendered":"<p>Die Schwimmausbildung gliedert sich in 3 Stufen: Stufe 1: Wassergew\u00f6hnung Stufe 2: Schwimmkurs mit Ziel Abzeichen \u201eSeepferdchen\u201c Stufe 3: Aufbautraining<\/p>\n","protected":false},"author":1,"featured_media":0,"parent":0,"menu_order":0,"comment_status":"closed","ping_status":"closed","template":"","meta":{"ngg_post_thumbnail":0,"footnotes":""},"class_list":["post-189","page","type-page","status-publish","hentry","comments-off"],"_links":{"self":[{"href":"https:\/\/alt.mtvgoslar-swim.de\/index.php\/wp-json\/wp\/v2\/pages\/189"}],"collection":[{"href":"https:\/\/alt.mtvgoslar-swim.de\/index.php\/wp-json\/wp\/v2\/pages"}],"about":[{"href":"https:\/\/alt.mtvgoslar-swim.de\/index.php\/wp-json\/wp\/v2\/types\/page"}],"author":[{"embeddable":true,"href":"https:\/\/alt.mtvgoslar-swim.de\/index.php\/wp-json\/wp\/v2\/users\/1"}],"replies":[{"embeddable":true,"href":"https:\/\/alt.mtvgoslar-swim.de\/index.php\/wp-json\/wp\/v2\/comments?post=189"}],"version-history":[{"count":0,"href":"https:\/\/alt.mtvgoslar-swim.de\/index.php\/wp-json\/wp\/v2\/pages\/189\/revisions"}],"wp:attachment":[{"href":"https:\/\/alt.mtvgoslar-swim.de\/index.php\/wp-json\/wp\/v2\/media?parent=189"}],"curies":[{"name":"wp","href":"https:\/\/api.w.org\/{rel}","templated":true}]}}